4. Calculate g(-20).
724
Let x(n) = -413*n - 1014. Give x(-6).
1464
Let y(x) = -8*x**3 + 17*x**2 + 47*x + 26. Calculate y(7).
-1556
Let s(l) = 3*l**3 - l**2 + 3315*l - 6627. What is s(2)?
23
Let u(q) = 2357*q + 14202. Determine u(-6).
60
Let i(z) = 2*z**2 - 4652*z - 27894. Determine i(-6).
90
Let a(z) = -z**3 - 82*z**2 - 651*z + 4957. What is a(-72)?
-11
Let f(h) = -16650*h - 1764896. Calculate f(-106).
4
Let k(l) = 24992*l + 175055. Give k(-7).
111
Let y(g) = 4*g**3 - 247*g**2 + 57*g + 7663. Give y(61).
-23
Let f(n) = 6*n**2 - 5912*n + 298226. Determine f(932).
-14
Let w(n) = n**3 - 60*n**2 - 103*n + 2796. Give w(61).
234
Let m(u) = -u**2 - 787*u - 18348. Determine m(-24).
-36
Let c(g) = 2*g**2 + 852*g - 46532. Give c(49).
18
Let m(c) = 2837*c + 25533. Give m(-9).
0
Let u(z) = 6*z**2 - 8810*z - 61826. Determine u(-7).
138
Let k(h) = -23*h**3 + 5432*h**2 - 5415*h - 16. Give k(1).
-22
Let p(t) = -51*t**2 - 16404*t + 5806. Determine p(-322).
10
Let w(b) = 11108*b - 111068. Determine w(10).
12
Let s(l) = -4*l**2 + 394*l + 5768. Calculate s(-13).
-30
Let u(z) = -z**3 + 61*z**2 - 877*z + 121. Determine u(38).
7
Let q(v) = 2*v**2 + 229*v - 1934. What is q(8)?
26
Let k(w) = w**3 - 29*w**2 - 284*w + 1162. What is k(36)?
10
Let n(u) = 13473*u + 27098. Calculate n(-2).
152
Let j(o) = 875*o**2 + 988*o + 2. What is j(-1)?
-111
Let p(s) = -4*s**3 - 582*s**2 - 17980*s - 151. Give p(-101).
51
Let i(q) = -2105*q + 717740. Calculate i(341).
-65
Let s(m) = -2681*m**2 - 2560*m + 3. Calculate s(-1).
-118
Let x(c) = -238*c**2 + 8575*c - 317. What is x(36)?
-65
Let i(n) = 118477*n - 2961925. Give i(25).
0
Let s(l) = 3*l**2 - 100*l - 398107. Give s(-348).
5
Let o(z) = z**3 - 211*z**2 + 4093*z - 768046. Give o(209).
29
Let y(l) = 6*l**2 - 117*l + 5026. Determine y(29).
6679
Let y(h) = -1439*h + 2006. Give y(2).
-872
Let q(w) = 8*w**3 - 326*w**2 - 94*w + 486. What is q(41)?
-6
Let m(c) = c**3 - 79*c**2 - 380*c - 11034. Calculate m(85).
16
Let i(m) = m**2 - 3494*m + 31455. What is i(9)?
90
Let c(k) = -k**3 - 206*k**2 + 1041*k + 18. What is c(5)?
-52
Let a(k) = 944*k + 5252. Calculate a(-3).
2420
Let o(v) = 89378*v - 715064. Give o(8).
-40
Let q(l) = -2072*l - 2747. Calculate q(0).
-2747
Let z(a) = -a**3 + 788*a**2 - 10871*a + 27092. Give z(774).
2
Let n(u) = u**2 - 18295*u - 219697. Give n(-12).
-13
Let q(f) = -9*f**3 - 8*f**2 - 9*f - 64. Give q(-3).
134
Let j(q) = -q**2 - 184*q + 4395. What is j(21)?
90
Let j(u) = 7119*u + 71184. Calculate j(-10).
-6
Let i(v) = -154*v**2 - 12324*v - 336. Calculate i(-80).
-16
Let r(x) = -172*x**2 - 14*x + 23. Calculate r(2).
-693
Let u(q) = -238*q + 13449. Give u(57).
-117
Let b(r) = 9*r**3 - 1158*r**2 - 5227*r + 5317. Calculate b(133).
-3
Let r(k) = 11*k**2 - 2260*k - 17686. Calculate r(213).
-7
Let t(w) = w**3 - 152*w**2 + 678*w + 8375. Give t(147).
-4
Let b(t) = -t**3 - 11*t**2 - 20182*t + 121707. Calculate b(6).
3
Let l(r) = -4*r**3 + 190*r**2 - 104*r + 450. Give l(47).
-20
Let g(d) = 4*d**3 + 46*d**2 - 164*d - 2358. What is g(-10)?
-118
Let h(m) = -43*m - 1616. What is h(4)?
-1788
Let q(k) = k**3 + 87*k**2 - 33363*k + 386099. Give q(12).
-1
Let c(w) = -49*w**2 - 876*w + 44. Determine c(-18).
-64
Let h(j) = 119*j - 2975. What is h(40)?
1785
Let h(c) = -3*c**2 - 16680*c + 33359. Give h(2).
-13
Let l(i) = 3737*i - 33496. What is l(9)?
137
Let v(s) = -7*s - 1603. Determine v(-226).
-21
Let x(c) = 356*c + 1650. What is x(0)?
1650
Let p(w) = -13284*w + 664172. What is p(50)?
-28
Let r(j) = -2844*j + 16914. Calculate r(6).
-150
Let s(n) = 158500*n + 6339976. Calculate s(-40).
-24
Let i(b) = -64*b + 4061. Give i(53).
669
Let d(i) = -62471*i + 437301. What is d(7)?
4
Let r(p) = -p**3 - 47*p**2 - 62*p + 3177. What is r(-44)?
97
Let p(s) = -4*s**3 + 5*s**2 + 8*s - 18. Give p(4).
-162
Let m(w) = 1972*w - 132614. Calculate m(67).
-490
Let n(t) = -15*t**2 + 524*t + 20079. Give n(58).
11
Let c(w) = -w**3 + 18*w**2 + 308*w + 489. Calculate c(29).
170
Let b(d) = -277*d - 9301. Give b(-34).
117
Let b(f) = -2952*f - 153492. What is b(-52)?
12
Let m(q) = -8*q**3 + 84*q**2 + 26*q - 93. Calculate m(11).
-291
Let s(q) = -135*q - 8221. Calculate s(-64).
419
Let l(k) = -11614*k - 104527. Give l(-9).
-1
Let g(x) = -12*x**3 + 410*x**2 - 37*x - 1095. Determine g(34).
-41
Let m(b) = -1398*b**2 - 1510*b - 108. Give m(-1).
4
Let q(k) = -3*k - 297. What is q(-31)?
-204
Let b(v) = 153974*v + 153870. Give b(-1).
-104
Let t(y) = -1611*y + 6376. What is t(4)?
-68
Let y(h) = -40204*h - 160305. Calculate y(-4).
511
Let w(k) = -30443*k + 30440. Give w(1).
-3
Let p(k) = k**3 + 113*k**2 + 119*k + 483. Give p(-112).
-301
Let a(i) = -11*i**2 - 1074*i - 18269. Determine a(-22).
35
Let n(c) = -3*c**3 + 24*c**2 - 209*c - 7. Determine n(0).
-7
Let a(q) = 155*q**3 - 16*q**2 + 72*q - 67. What is a(1)?
144
Let s(q) = q**3 + 37*q**2 + 47*q - 1105. Give s(-35).
-300
Let z(c) = -2*c**3 - 48*c**2 - 184*c + 39. Calculate z(-5).
9
Let y(c) = -418*c - 3656. Determine y(-11).
942
Let m(a) = -1419*a + 63806. What is m(45)?
-49
Let q(r) = -r**2 - 108*r + 2990. Calculate q(23).
-23
Let o(z) = z**3 - 64947*z**2 - 714535*z + 40. Give o(-11).
7
Let w(m) = 6*m**3 + 7*m**2 + 14*m + 1. Give w(-1).
-12
Let y(b) = 8*b**3 - 2582*b**2 - 649*b + 984. What is y(323)?
15
Let j(r) = -903505*r + 3614021. What is j(4)?
1
Let j(q) = 116*q + 11131. Calculate j(-98).
-237
Let h(u) = u**3 + u**2 - 75*u + 182. Calculate h(3).
-7
Let f(w) = w**3 - 18*w**2 + 5*w - 159. Give f(8).
-759
Let b(q) = 450*q + 12596. What is b(-27)?
446
Let u(p) = -2*p**2 + 11*p + 1844. What is u(33)?
29
Let r(w) = -w**2 - 489*w + 39313. Give r(77).
-4269
Let w(v) = 14*v**2 - 3076*v + 15363. Give w(5).
333
Let j(y) = -2*y**3 + 53*y**2 + 285*y - 73. Calculate j(-5).
77
Let w(b) = -1158*b - 64655. Give w(-56).
193
Let n(g) = -13*g**2 + 30*g + 214. What is n(-6)?
-434
Let q(h) = -15*h**3 + 4698*h**2 + 3771*h - 938. Calculate q(314).
4
Let d(c) = 91*c**2 + 13080*c - 3303. What is d(-144)?
153
Let x(p) = 2*p**3 - 59*p**2 + 74*p + 1. Give x(28).
-279
Let k(a) = a**3 + 44*a**2 - 1500*a - 2923. Give k(-66).
245
Let j(v) = 1415*v**2 + 1291893*v - 1944. Determine j(-913).
-118
Let g(q) = 13*q - 3467. Give g(271).
56
Let m(v) = -v**3 - 44*v**2 - 439*v + 158. What is m(-31)?
1274
Let p(x) = 1045*x + 70628. Determine p(-68).
-432
Let m(g) = -79*g + 10521. Give m(132).
93
Let z(o) = 308*o + 1602. Calculate z(-10).
-1478
Let c(s) = -s**3 - 2253*s**2 - 15742*s - 134. Determine c(-7).
6
Let t(x) = -8133*x + 73216. What is t(9)?
19
Let n(o) = 2*o**3 + 17*o**2 - 2421*o + 59. Determine n(31).
927
Let v(t) = 6*t**2 - 112*t + 111. Calculate v(18).
39
Let b(k) = k**3 + 330*k**2 - 319*k + 3766. Give b(-331).
-206
Let u(q) = 6762633*q + 40575795. What is u(-6)?
-3
Let h(i) = -5*i**3 + 112*i**2 - 118*i + 47. Determine h(22).
-1581
Let b(o) = 2*o**3 + 2339*o**2 + 11709*o - 3. Determine b(-5).
-323
Let v(q) = q**2 - 141*q + 1600. Determine v(13).
-64
Let u(y) = -7*y**3 + 7*y**2 + 3555*y - 10681. Calculate u(3).
-142
Let c(q) = -3*q**2 - 7*q + 2465. Calculate c(-52).
-5283
Let t(o) = 728*o**2 + 522*o - 523. Give t(1).
727
Let q(f) = -5451*f + 169046. Calculate q(31).
65
Let r(o) = -13562*o - 67742. Give r(-5).
68
Let k(x) = -x**3 + 174*x**2 - 7221*x - 6140. Determine k(104).
-4
Let a(v) = -21*v**3 + 9*v**2 + 47*v - 197. What is a(4)?
-1209
Let l(p) = 20*p**2 - 34*p + 119. Calculate l(5).
449
Let y(m) = -118*m**2 - 14*m - 155. Determine y(5).
-3175
Let w(a) = 2*a**2 - 8535*a - 111308. Determine w(-13).
-15
Let r(d) = 66349*d + 729834. Determine r(-11).
-5
Let q(c) = 6703*c + 93838. Give q(-14).
-4
Let v(a) = -37*a**2 + 406*a + 1560. What is v(14)?
-8
Let r(y) = 2300*y - 61987. Determine r(27).
113
Let p(n) = 253360*n + 29136399. Calculate p(-115).
-1
Let w(q) = -482469*q + 3377251. Calculate w(7).
-32
Let b(o) = -104875*o - 2097498. Determine b(-20).
2
Let v(z) = z**2 + 163*z + 407. Determine v(0).
407
Let f(k) = 674*k + 14830. Determine f(-22).
2
Let l(s) = -s**2 + 6074*s + 4. Give l(0).
4
Let g(z) = 212*z - 7379. What is g(34)?
-171
Let v(d) = 2*d**3 - 5*d**2 - 1327*d + 112. Give v(27).
4
Let z(f) = -3198*f + 1426325. Calculate z(446).
17
Let t(p) = p**3 + 16*p**2 - 4*p + 143. Give t(-16).
207
Let a(f) = 11857*f - 125. What is a(0)?
-125
Let v(b) = -b**3 + 1